mon divisor of 115200 and 1456200?
1800
Calculate the greatest common factor of 4803893 and 186323.
8101
Calculate the greatest common factor of 3952 and 13646503.
247
What is the greatest common factor of 28782 and 54038?
82
Calculate the greatest common factor of 12210 and 128766.
66
Calculate the greatest common divisor of 42 and 224677530.
42
Calculate the highest common factor of 369 and 72567909.
369
Calculate the greatest common divisor of 1216584 and 281709.
2493
Calculate the highest common divisor of 123060739 and 28310.
2831
Calculate the highest common factor of 4768 and 6083372.
596
Calculate the greatest common divisor of 1 and 18141547.
1
What is the highest common divisor of 2096393 and 931541?
1703
Calculate the highest common factor of 584409 and 2856.
357
What is the greatest common divisor of 134390892 and 2286?
762
Calculate the highest common factor of 622811 and 5425.
7
What is the greatest common divisor of 291600 and 86750?
50
What is the greatest common divisor of 2282007 and 63?
21
Calculate the greatest common divisor of 16619862 and 16590.
3318
What is the highest common factor of 518 and 16115106?
14
What is the greatest common divisor of 31080 and 1795240?
1480
Calculate the highest common factor of 9 and 5825454.
3
Calculate the greatest common factor of 9585 and 1461240.
135
Calculate the greatest common factor of 301928699 and 97.
97
Calculate the greatest common divisor of 64 and 35189824.
64
What is the greatest common factor of 46220926 and 7803?
289
Calculate the highest common divisor of 18265 and 122744453.
3653
What is the highest common factor of 13434497 and 10381?
1483
Calculate the greatest common factor of 24090 and 116147526.
4818
Calculate the highest common factor of 3672 and 696184.
136
Calculate the highest common divisor of 10310751 and 693.
99
What is the highest common divisor of 5571 and 78097992?
1857
What is the highest common divisor of 264801540 and 24900?
4980
Calculate the highest common factor of 2546 and 25306838.
134
Calculate the highest common divisor of 3583964 and 301.
43
What is the highest common factor of 48538485 and 170?
85
What is the highest common factor of 2185436 and 9229?
11
Calculate the highest common divisor of 16082 and 496617.
11
Calculate the greatest common factor of 990 and 1244.
2
What is the highest common factor of 75451615 and 5156?
1289
What is the greatest common factor of 14455 and 4425295?
2065
Calculate the greatest common factor of 96838 and 156968.
14
What is the highest common divisor of 70152943 and 1015?
203
What is the highest common factor of 427 and 6752277?
7
What is the highest common factor of 20665651 and 40816?
2551
Calculate the highest common divisor of 410 and 548670.
10
What is the greatest common factor of 6175 and 312949?
247
Calculate the highest common divisor of 5494 and 491877.
41
What is the highest common divisor of 52385 and 3570?
5
Calculate the greatest common factor of 5345892 and 228.
12
Calculate the greatest common divisor of 46533154 and 32992.
2062
What is the highest common factor of 19 and 1106617?
19
Calculate the highest common divisor of 44 and 2396097.
11
What is the greatest common factor of 614011 and 29993?
89
What is the highest common divisor of 18 and 16976133?
9
Calculate the greatest common factor of 69 and 120299637.
69
What is the greatest common divisor of 1540503 and 45?
9
What is the highest common factor of 197 and 451051791?
197
What is the highest common divisor of 30131 and 21663?
29
What is the greatest common factor of 184085 and 1881?
11
Calculate the highest common factor of 130336 and 1306912.
32
What is the greatest common divisor of 190927908 and 702?
54
Calculate the highest common divisor of 2072 and 30382328.
296
Calculate the greatest common factor of 70152 and 420438.
474
Calculate the highest common divisor of 1104 and 69968967.
69
Calculate the greatest common divisor of 2226225 and 5.
5
Calculate the greatest common factor of 810594773 and 1219.
1219
What is the highest common divisor of 5421402 and 126378?
2142
Calculate the highest common divisor of 9561132 and 2268.
756
What is the greatest common divisor of 253546 and 1630048?
766
Calculate the highest common factor of 1148281 and 227243.
2011
Calculate the greatest common divisor of 511374 and 6.
6
Calculate the highest common divisor of 77714855 and 5.
5
What is the highest common factor of 110 and 94310986?
22
What is the highest common divisor of 66 and 217914?
6
What is the highest common divisor of 572 and 233204543?
143
What is the greatest common factor of 1118139 and 713?
31
What is the greatest common divisor of 197763235 and 86?
43
Calculate the highest common divisor of 12278532 and 24.
12
Calculate the greatest common factor of 34878782 and 31.
31
What is the highest common factor of 348693 and 22590855?
7419
Calculate the highest common factor of 33 and 2390565144.
33
Calculate the greatest common divisor of 656196 and 1332.
12
Calculate the highest common divisor of 246 and 939078.
6
What is the greatest common factor of 3416 and 160528088?
3416
What is the greatest common factor of 41356 and 10157329?
1477
What is the greatest common factor of 703521 and 121212?
819
What is the greatest common factor of 73132 and 142222?
94
What is the greatest common divisor of 4959 and 6821931?
1653
Calculate the highest common divisor of 150776 and 2466952.
3208
Calculate the greatest common factor of 3660 and 10930.
10
Calculate the highest common factor of 1274 and 77559846.
1274
What is the greatest common divisor of 13398 and 5379?
33
Calculate the greatest common divisor of 52 and 95143230.
26
Calculate the highest common divisor of 24 and 2206266.
6
What is the greatest common divisor of 369950 and 6400?
50
What is the greatest common factor of 237 and 154302?
3
Calculate the greatest common factor of 124063 and 8633.
97
What is the greatest common divisor of 9 and 4011827?
1
Calculate the greatest common divisor of 5709160 and 848.
424
Calculate the greatest common divisor of 8155 and 173495.
35
What is the highest common divisor of 6324918 and 3153?
3153
Calculate the highest common divisor of 1107 and 18272304.
27
Calculate the greatest common divisor of 566 and 138945076.
566
What is the greatest common factor of 350 and 2984870?
70
What is the greatest common divisor of 23984 and 221786044?
5996
Calculate the highest common divisor of 443104 and 540704.
1952
Calculate the highest common divisor of 86588 and 4920.
4
Calculate the highest common factor of 366783 and 558981.
309
Calculate the highest common divisor of 1524 and 68609718.
762
Calculate the highest common factor of 575664 and 266928.
3216
Calculate the greatest common factor of 3461640 and 3150.
210
Calculate the greatest common factor of 2266568 and 16172.
1244
Calculate the highest common divisor of 18111424 and 24.
8
Calculate the greatest common factor of 969941 and 287.
7
What is the highest common factor of 81991 and 24908247?
1547
What is the greatest common divisor of 864 and 10296448?
32
Calculate the greatest common factor of 13129825 and 5.
5
What is the greatest common factor of 16963995 and 1725?
345
Calculate the greatest common divisor of 16385640 and 45.
15
Calculate the greatest common divisor of 48 and 19746732.
12
What is the highest common divisor of 4176 and 79687824?
1392
Calculate the greatest common divisor of 616856 and 84162.
166
Calculate the highest common divisor of 1537 and 465856.
29
What is the greatest common factor of 4863237657 and 1077?
1077
What is the highest common factor of 163 and 43483999?
163
Calculate the greatest common factor of 1082340 and 504.
252
What is the greatest common divisor of 688860 and 675315?
1935
Calculate the highest common divisor of 89920 and 5760.
320
What is the greatest common factor of 5760665631 and 63?
63
What is the highest common divisor of 13 and 23832211?
13
What is the greatest common divisor of 9569 and 153017879?
9569
What is the greatest common divisor of 38753 and 2839551?
143
Calculate the greatest common factor of 3826192 and 88.
8
What is the greatest common factor of 4606 and 2178134?
14
What is the greatest common factor of 10388120 and 70?
10
What is the greatest